4*c - 5 = -c. Let t be c + -1 + (-9)/r. Calculate the highest common factor of t and 63.
9
Let w be (-1)/(4/(-6))*78. Suppose -69 = -5*r + i, 18 = 2*r + 3*i - i. Calculate the greatest common factor of w and r.
13
Let w = 958 - 665. Let b = w - 173. What is the highest common divisor of 15 and b?
15
Let y = -21 - -37. Let m be 4/y + 62/8. Calculate the highest common divisor of 16 and m.
8
Suppose -4*d - 3*c = -351, 3*d + 4*c + 0*c - 272 = 0. Suppose g + g - d = 0. Let v be ((-2)/(-4))/(19/228). Calculate the greatest common factor of v and g.
6
Suppose -p - 12 = -7*p. Suppose -3*s + 168 = s - 5*b, p*b = -4*s + 168. What is the greatest common factor of s and 63?
21
Let i be (-16)/(-72)*-3 - (-374)/3. Suppose i = 13*a - 149. What is the highest common divisor of 7 and a?
7
Let p be 10 - 6/24*12. Calculate the greatest common divisor of 49 and p.
7
Suppose -17 + 11 = -2*h. Let x(j) = j**3 - 2*j**2 + 2*j + 1. Let n be x(h). What is the highest common factor of 8 and n?
8
Let u be 4/(-6) + -2170*12/(-72). What is the highest common factor of u and 133?
19
Suppose 3*f + 5*u = -2*f + 100, f - u - 26 = 0. Let r = f + -12. Let b = 644 + -523. What is the highest common divisor of b and r?
11
Let i be -2*1/7 + 522/14. Let x = -10 + i. Let n = 5 - 2. What is the highest common divisor of x and n?
3
Let p = -438 - -615. Calculate the highest common factor of 236 and p.
59
Let f = 164 + -31. Suppose u + 6*u - f = 0. Calculate the highest common divisor of 133 and u.
19
Let z be (3 - -55)*(-5)/(-2). Suppose 0 = -7*u - u + 1200. Suppose 0 = 5*n - 5*f - u, -2*n = -4*n + 3*f + 61. What is the greatest common divisor of n and z?
29
Let x(l) = -28*l + 428. Let u be x(15). Let s(m) = -20*m**3 + m**2 - 1. Let k be s(-1). Calculate the greatest common divisor of u and k.
4
Let q(j) = j - 4. Let m be q(14). Let t = -4 - -9. Suppose t*b - b = 40. What is the highest common divisor of m and b?
10
Suppose -2*x - 3 - 1 = q, 3*q = 4*x - 2. Let c be (-1 + (-12)/(-4))/((-2)/x). Calculate the greatest common factor of 2 and c.
1
Let o be 3 - (0 - 0) - -18. Let a = -21 + o. Suppose -10 = -2*r + 5*p, 6*p - p - 10 = a. Calculate the highest common divisor of 50 and r.
10
Let y(x) = -2*x**3 - 15*x**2 + 4*x + 81. Let k be y(-7). What is the highest common divisor of 70 and k?
2
Let c(j) = 2*j**2 + 74*j + 129. Let x be c(-36). What is the highest common factor of x and 190?
19
Let l = 1903 - 1875. Let z be 310 - 5/((-5)/(-2)). Calculate the highest common factor of l and z.
28
Let c be (-1)/(-4) + 3/(-12). Let i = 251 + -251. Let n be i + 59 + c + 1. Calculate the highest common divisor of n and 40.
20
Let p = -431 - -446. What is the highest common divisor of 165 and p?
15
Suppose -2*i + 13 = 7. Let s(f) = 4*f + 2*f - 3 - 1 - i*f. Let d be s(8). What is the highest common divisor of d and 5?
5
Let a(q) = 22*q**2 - 2 + 2*q + 157*q**2 - 7*q**2. Let m be a(2). Suppose t + m = 4*t + 4*c, 3*c + 690 = 3*t. What is the greatest common divisor of t and 23?
23
Let x be (-6)/9 - 82/(-6). Let w be -2 - 18/(-3) - -95. Let h = w + 5. Calculate the greatest common divisor of x and h.
13
Suppose 0 = -6*v + 4*v + 4. Suppose -o = f - 1, -v*f = f - 5*o + 29. Let r be 4 - (-48)/(6 + f). What is the highest common factor of 80 and r?
20
Let t = -8 + 11. Suppose t*h + 89 = 425. Let q = h + -58. Calculate the greatest common factor of q and 18.
18
Let l = 56 - 51. Suppose l*q = 3*q + 56. What is the greatest common factor of 140 and q?
28
Let s = 1832 - 1293. What is the highest common divisor of 98 and s?
49
Let k = -3 + 8. Suppose -58 - 102 = -k*a. Calculate the highest common divisor of a and 4.
4
Let p(z) = z**2 - 34*z + 280. Let r be p(25). Calculate the greatest common factor of 15 and r.
5
Suppose -3*m = -m - 5*f - 330, -3*m - 2*f + 514 = 0. Suppose -5*l - 5*s + m = 0, -s = 4*l - 4*s - 136. Calculate the greatest common divisor of l and 136.
34
Suppose -14 = r - 34. Suppose 2 + 30 = 4*h. Calculate the highest common factor of h and r.
4
Suppose 0 = 2*h - 635 - 205. Calculate the greatest common factor of 20 and h.
20
Suppose 10*v + 3 = 13*v. Suppose 2*m = -6 + 10. Let q be m/(21/6 - 3). Calculate the highest common factor of q and v.
1
Suppose 39*f - 58155 = -21963. Calculate the greatest common factor of f and 64.
32
Suppose 0 = 7*c - 34 - 1. Suppose -k - 5*f = 15, 2*k = 3*k - 5*f - 25. Calculate the highest common divisor of k and c.
5
Let l be 36*(9/12)/((-78)/(-52)). Calculate the greatest common divisor of l and 732.
6
Suppose 0 = r + r - 4*a - 156, -2*r + 2*a + 162 = 0. Let c be -3 + ((-66)/15 - -5)*355. Calculate the greatest common divisor of c and r.
42
Suppose 5*d = 2*d - 66. Let p = d + 58. What is the highest common factor of 84 and p?
12
Let k be ((-9)/(72/28))/(4/(-16)). Let b(r) = r**2 - 4*r - 3. Let i be b(5). Calculate the greatest common divisor of i and k.
2
Let m = -225 - -270. Calculate the highest common divisor of m and 5.
5
Let h(k) = k**3 - 15*k**2 + 23*k - 56. Let n be h(14). Calculate the highest common divisor of 10 and n.
10
Let u(z) = z**3 - 7*z**2 + 13*z + 8. Let d be u(6). Let g = 54 - d. What is the greatest common divisor of 32 and g?
4
Suppose -n = -9*k + 208, 4*n + 50 + 46 = 4*k. Suppose 4*c = 3 + 1, 5*c + 18 = x. What is the greatest common divisor of k and x?
23
Suppose -20 = -3*f + 1. Let j(y) = 2*y**3 + 19*y**2 + 11*y + 25. Let c be j(-9). Calculate the highest common factor of c and f.
7
Suppose 7*i - 221 = -158. Calculate the greatest common divisor of 2853 and i.
9
Let c(n) = -43*n + 9. Let x be c(-5). Let b = 199 - 167. Calculate the greatest common divisor of b and x.
32
Let x = -13 + 17. Suppose x*n = 6 + 6. Suppose -4*l - n = 5*q - 15, 15 = 5*l + 5*q. Calculate the greatest common factor of l and 3.
3
Let l = -6 - -12. Let n(c) = 20*c**3 - 9*c**2 + c. Let m be n(1). What is the highest common divisor of l and m?
6
Let k(x) = -x**2 - 7*x + 2. Let l be k(-5). Let q = l + -8. Suppose -q*o + 45 + 15 = 0. What is the greatest common factor of 60 and o?
15
Let u(r) = r. Let z(k) = -7*k + 53. Let m(x) = 3*u(x) - z(x). Let p be m(6). Calculate the greatest common factor of 21 and p.
7
Suppose -2*h - 3 = -h + 5*s, s - 9 = 3*h. Let l(n) = -2*n**3 - 4*n**2 + 4*n + 3. Let i be l(h). Let a = 0 + 1. What is the greatest common factor of a and i?
1
Let l = -77 + 76. Let u(y) = -20*y - 6. Let s be u(l). What is the greatest common divisor of 42 and s?
14
Let r = 3984 + -1635. What is the greatest common divisor of 81 and r?
81
Let f be 38/((5 - 4) + 0). What is the highest common divisor of f and 57?
19
Let m(s) = 14*s**3 + 4*s**2 + 6*s + 5. Let u be m(-2). Let j = -38 - u. What is the highest common divisor of j and 5?
5
Suppose 131*s - 125*s = 324. What is the highest common factor of 27 and s?
27
Let i be -3*(19/(-2) + (-2)/(-12)). Suppose 3*f = h + i, 0*f + 4*f = -3*h + 20. Calculate the highest common factor of f and 4.
4
Let t(v) = -100*v**3 - v**2 - v - 1. Let s(x) = x - 3. Let l be s(5). Let p = -3 + l. Let h be t(p). What is the greatest common factor of 11 and h?
11
Let d = -14 - -59. Let v(i) = -2*i + 10. Let z = -21 - -11. Let p be v(z). What is the greatest common divisor of d and p?
15
Let m(w) = 22*w**3 + 6*w**2 - 5*w + 15. Let a be m(3). What is the greatest common divisor of a and 24?
24
Let u be (-164)/8*(8 - 10) + 3. What is the greatest common factor of 110 and u?
22
Let r = -17 - -31. Let t = 68 + -66. Suppose -7*m + 350 = -t*m. Calculate the highest common divisor of r and m.
14
Suppose 9*b = 54 - 9. Suppose r = 2*q + 2*r - 8, 4*q - b*r - 44 = 0. Calculate the highest common factor of q and 6.
6
Let w = 341 + -82. Let q be 889/24 - ((-12129)/936 - -13). What is the greatest common divisor of q and w?
37
Let p(j) = -2*j**3 + j. Let z be p(-1). Suppose q + z = 3. Suppose -q*l = -8 - 16. Calculate the highest common divisor of l and 18.
6
Let b(d) = -d**2 + 11*d + 29. Let w be b(10). What is the highest common divisor of w and 65?
13
Let s(z) = z**3 - 2*z**2 + z - 3. Let v be s(3). Let y = 11 - v. Suppose y*t - 378 = -t. What is the highest common factor of t and 18?
18
Suppose -20*w + 220 = 2*w. What is the greatest common factor of 170 and w?
10
Let q = -58 + 98. Let a = -8 + 33. Let x = a - 9. What is the greatest common divisor of x 